cee0?
-39ecedd
In base 5, what is 34 + 311044044?
311044133
In base 9, what is 3632180 - 4?
3632175
In base 9, what is -132760 - 30?
-132800
In base 16, what is -74ff24 + 4?
-74ff20
In base 15, what is -51da - d4?
-52be
In base 3, what is -1 - -200211102121020?
200211102121012
In base 7, what is 13 - -3165004?
3165020
In base 15, what is 1c3 + -3863?
-3690
In base 3, what is -1012011210 + 211101?
-1011100102
In base 16, what is 14e + 55bdc?
55d2a
In base 11, what is 91638 + 25?
91662
In base 2, what is -10010010101 - -1010110100111010?
1010100010100101
In base 7, what is 300 + 1121402?
1122002
In base 8, what is -51675 - -1751?
-47724
In base 13, what is -139 + -11276?
-113b2
In base 4, what is 12032 + 131201020?
131213112
In base 14, what is 104c1 - 18?
104a7
In base 5, what is 1232032403 + 23?
1232032431
In base 10, what is 839871 - 5?
839866
In base 7, what is 4 - 1153515640?
-1153515633
In base 4, what is -203330 - -313302?
103312
In base 5, what is -111 + -1014334400?
-1014340011
In base 3, what is 1002 - 201221102222?
-201221101220
In base 14, what is 2b5 - 1b4d?
-1878
In base 6, what is -325 - 3334515?
-3335244
In base 4, what is 2202233 - -110110?
2313003
In base 5, what is 24 - -23433034?
23433113
In base 15, what is -1ce4 - -ce?
-1c15
In base 5, what is -132 - 1032444012?
-1032444144
In base 3, what is -112221 - 11120001120?
-11120121111
In base 2, what is 110111 + 100010110000110010?
100010110001101001
In base 11, what is -8a350 - -109?
-8a242
In base 12, what is -1336ba63b + -4?
-1336ba643
In base 13, what is -ca4b9 + -c?
-ca4c8
In base 14, what is -25 - 57c11?
-57c36
In base 11, what is -898aa8 + -33?
-899030
In base 13, what is c + -3cc84?
-3cc75
In base 3, what is 10111000022 + -2012?
10110221010
In base 16, what is -30 - 2ff65?
-2ff95
In base 8, what is -65346 - 117?
-65465
In base 3, what is -2110110120200101 + 12?
-2110110120200012
In base 11, what is 6 - -14632259?
14632264
In base 4, what is -11 - 10022120313?
-10022120330
In base 5, what is 22 + 1011213104?
1011213131
In base 14, what is c - 4a38ca?
-4a38bc
In base 16, what is 10c4a2 - -5?
10c4a7
In base 16, what is 16 - 5d09a9?
-5d0993
In base 6, what is -130245032 - 121?
-130245153
In base 9, what is 1 - 4078?
-4077
In base 5, what is 1100 + -34243132?
-34242032
In base 10, what is 95 + -210241?
-210146
In base 16, what is -bccf44 - 0?
-bccf44
In base 3, what is -2000101 + -1022011211?
-1101012012
In base 2, what is -1000101111101000001 - -1001001?
-1000101111011111000
In base 11, what is -137393778 + 2?
-137393776
In base 13, what is 1a28357c4 - 3?
1a28357c1
In base 3, what is -201 - 12002102002?
-12002102210
In base 16, what is 1815a0 - -23?
1815c3
In base 9, what is 26684553 - -41?
26684604
In base 11, what is 1043417546 + 0?
1043417546
In base 13, what is 7 - -2411c?
24126
In base 10, what is 5 + -75109890?
-75109885
In base 6, what is -34 + -133243004?
-133243042
In base 16, what is 0 - 868e4e5?
-868e4e5
In base 14, what is 2035c - 5a?
20302
In base 15, what is 1c420 + 1187?
1d5a7
In base 16, what is -2882 - 5cc8?
-854a
In base 3, what is 1011010022100112 - -22?
1011010022100211
In base 2, what is 100 + -1010010110110001111101010?
-1010010110110001111100110
In base 12, what is 539b0 - 65?
53947
In base 13, what is 4043275 - 18?
404325a
In base 11, what is 30a - -1a70?
227a
In base 11, what is -2 + 29342001?
29341aaa
In base 6, what is 101511235 - 5?
101511230
In base 11, what is 202942 - -4aa?
203341
In base 14, what is 1112 - db9?
137
In base 7, what is 2150626005 + 2?
2150626010
In base 2, what is 10011110110000 - -1101001010100110?
1111101001010110
In base 15, what is 358 - 205b6?
-2025d
In base 13, what is 2065 - 25a7?
-542
In base 11, what is -178 + 5801a?
57952
In base 3, what is 21 - -210110220100001?
210110220100022
In base 9, what is 512757665 + 1?
512757666
In base 13, what is -99a3 + 82?
-9921
In base 5, what is -43031143134 - 40?
-43031143224
In base 8, what is -122 + 34430?
34306
In base 7, what is -3 - -10065300?
10065264
In base 14, what is -284763 - -2b?
-284736
In base 2, what is -111010110111000110011111 - -1?
-111010110111000110011110
In base 7, what is 3 + -345326323?
-345326320
In base 11, what is 58 + -1197934?
-1197887
In base 9, what is 12 - -1662482?
1662504
In base 10, what is 51 - 452546?
-452495
In base 15, what is -8aa8 + 2d6b?
-5c3c
In base 13, what is 3399143 + -1?
3399142
In base 9, what is -137 - -205621?
205473
In base 7, what is 3263 - -155152?
161445
In base 13, what is 130a5c455 + 2?
130a5c457
In base 15, what is -133 + 2acee?
2abbb
In base 7, what is 261 + -11462520?
-11462226
In base 4, what is 211 - -23232020310?
23232021121
In base 16, what is -93f06b0 - -4?
-93f06ac
In base 5, what is -142 - -302434403?
302434211
In base 8, what is 103 - -34630017?
34630122
In base 10, what is 1772258 + -158?
1772100
In base 5, what is 3232001434 - -40?
3232002024
In base 13, what is 20112932 - -1?
20112933
In base 9, what is -1882300055 - 5?
-1882300061
In base 3, what is 1210 - 1012020111?
-1012011201
In base 8, what is 620 - -12327?
13147
In base 6, what is -344 - 222304323?
-222305111
In base 9, what is -2 - -17074472?
17074470
In base 8, what is -12047 + -20617?
-32666
In base 8, what is 345441 - 314?
345125
In base 14, what is -1532 + 13105?
119b3
In base 3, what is 12 + -1211120122002?
-1211120121220
In base 9, what is -588 + 14725?
14126
In base 3, what is 20002 + 1201201211210?
1201202001212
In base 5, what is 413 + -10212324?
-10211411
In base 6, what is -54530 + -20452?
-115422
In base 4, what is 2030210320023 + -1?
2030210320022
In base 3, what is 2210210100 - 2110200?
2201022200
In base 9, what is -2 + -14517851?
-14517853
In base 6, what is -2 + 32522420?
32522414
In base 15, what is 1c51532 + -4?
1c5152d
In base 8, what is 177162 - 6?
177154
In base 14, what is 135c3d - 2c6?
135957
In base 3, what is -10100 + 100221220011212?
100221220001112
In base 7, what is 3124 + -23232?
-20105
In base 8, what is -27066500 + 5?
-27066473
In base 14, what is -3 - 28a36c?
-28a371
In base 13, what is -1b73 + 2a6a?
bc7
In base 12, what is 6a6 - 471a?
-4034
In base 5, what is 113 - -1411042240?
1411042403
In base 6, what is 35504240 + -12?
35504224
In base 15, what is -59 + -42a422?
-42a47b
In base 16, what is 1d + 1657e?
1659b
In base 6, what is -2 - -35025514041?
35025514035
In base 4, what is -31113301210 + -11?
-31113301221
In base 5, what is -1 + -1043403341?
-1043403342
In base 14, what is -3 + -9a7874?
-9a7877
In base 6, what is 1333100 + 3110?
1340210
In base 8, what is 17 + -524442571?
-524442552
In base 7, what is -1344614 - -123?
-1344461
In base 6, what is -5 - -11132142315?
11132142310
In base 6, what is 211152 + 132303?
343455
In base 4, what is -13223301 + 1220?
-13222021
In base 14, what is 184c3 - 38d?
18134
In base 11, what is -1a1325a + -31?
-1a13290
In base 10, what is 897186 - 1095?
896091
In base 16, what is 4f365 + -5b?
4f30a
In base 7, what is 2023344602 - -3?
2023344605
In base 10, what is -128796 - -8?
-128788
In base 11, what is -633 + -468aa?
-47432
In base 8, what is 3 - -262076000?
262076003
In base 7, what is 4 + -15455205?
-15455201
In base 11, what is -1aa4a39 + -4?
-1aa4a42
In base 7, what is -233132240 + 11?
-233132226
In base 9, what is -433 + 102060?
101526
In base 9, what is 27406 - -103?
27510
In base 16, what is -623f - -738?
-5b07
In base 13, what is -3 - -12985a3b?
12985a38
In base 15, what is -219847 + 48?
-2197ee
In base 6, what is 13404531 - -1311?
13410242
In base 13, what is 174375 - -24?
174399
In base 5, what is -4114332 + -43?
-4114430
In base 11, what is -a707 - -172?
-a545
In base 10, what is -66872771 + 0?
-66872771
In base 13, what is -1187a - -221?
-11659
In base 13, what is 5 - b222502?
-b2224ca
In base 13, what is -70 + 30027?
2cc87
In base 16, what is 6 - -134849?
13484f
In base 4, what is 1013032023 + -23?
1013032000
In base 3, what is -1221 - -2220111110020?
2220111101022
In base 2, what is 10010111100010000011101111011 + -10?
10010111100010000011101111001
In base 15, what is 34642 + 91?
346d3
In base 2, what is 1100101101011110100 + -10001000?
1100101101001101100
In base 15, what is 5 + -52e320e?
-52e3209
In base 4, what is -112320010323 - -2?
-112320010321
In base 2, what is 101